, 11
Suppose 2*x - c + 12 = 0, -2*x - 2*c + 2 = 14. Let f = 8 + x. Suppose -4*r + f - 8 = -w, -6 = -w - r. What are the prime factors of w?
2, 3
Let h(f) = f**3 - 25*f**2 + 25*f - 18. Let d be h(24). List the prime factors of 2/(-3) - (-1926)/81*d.
2, 71
Let k be 1 + (-2)/1 + 9. Let v(i) = -i**2 + 9*i - 8*i - 1 + 10*i. What are the prime factors of v(k)?
23
Suppose -85 = 2*x - 357. Let o = x - 92. What are the prime factors of o?
2, 11
Suppose -18*u = -3*j - 16*u + 7913, 0 = 4*j + 4*u - 10544. List the prime factors of j.
3, 293
Let g = -468 - -498. Let n = -27 + 39. Let v = g - n. List the prime factors of v.
2, 3
Let c(j) = 18*j**2 + 2*j - 15. What are the prime factors of c(5)?
5, 89
Suppose 14*i - 1324 = 11*i + t, -2*t + 1330 = 3*i. List the prime factors of i.
2, 13, 17
Let y(b) = -b**3 + 4*b**2 + 6*b - 6. Let n be y(4). Let v = n + -18. Suppose -3*p + 47 - 5 = v. List the prime factors of p.
2, 7
Let c(h) = -16*h - 2. Suppose -12 - 4 = -g. Suppose -5*x + g = -5*o - 14, 18 = -2*o + 4*x. List the prime factors of c(o).
2, 23
Let b = 4860 + -3193. What are the prime factors of b?
1667
Suppose -1140 = -6*z - 4*z. Suppose 738 = 6*q - z. List the prime factors of q.
2, 71
Suppose m = 3*m + 2*f - 708, -4*m = -f - 1436. List the prime factors of m.
2, 179
Let w = 119 + -7. Suppose -g = -s + 3*s - 39, -4*g + w = -3*s. List the prime factors of g.
31
Suppose -10 = -3*v + 2. Suppose 0 = 5*g + 3*m - 168, -v*g + 5*m - 52 = -179. Suppose 3*u = 6*u - g. List the prime factors of u.
11
Let m be 7/2 + 4/(-8). Suppose q = -4*p + 37, 0 = -m*q + 4*p - 7*p + 120. Let z = q - 18. List the prime factors of z.
23
Suppose -2*w = 3*w - 6440. Suppose 18*l = 14*l + w. List the prime factors of l/9 - 8/(-36).
2, 3
Let q(m) = m**3 + 10*m**2 + m + 2. Let z be q(-9). Suppose -6*j + 7*j = z. What are the prime factors of j?
2, 37
Suppose 0 = -3*l + 8*l - 50. Let h be (l/30)/((-1)/15). What are the prime factors of h + 2 + (-1 - -20)?
2
Let t(x) = -2*x + 2. Let s be t(9). Let q = s - -10. What are the prime factors of 2/6 - 148/q?
5
Suppose 0 = 27*d - 18*d - 1026. What are the prime factors of d?
2, 3, 19
Let w(c) = 4*c**3 - 4*c**2 + 2*c - 36. What are the prime factors of w(6)?
2, 3, 29
Suppose 0 = 9*c - 4*c. Suppose 0 = 4*x - z - 64, c = -3*z + 7*z. What are the prime factors of x?
2
What are the prime factors of ((-7)/28)/((-8)/44256)?
3, 461
Suppose -5*g + 5*w + 660 = 0, 0*g = -5*g - 4*w + 696. Let c(a) = -a**2 - a + 193. Let h be c(0). Let q = h - g. What are the prime factors of q?
3, 19
Suppose 2*p + 3*o = 16 + 13, -3*p + 3*o = -66. Let j = p - 17. What are the prime factors of 343/14 - (-1)/j?
5
Suppose -9959 - 4081 = -20*u. What are the prime factors of u?
2, 3, 13
Let o = 100 + -76. List the prime factors of ((-17)/(-2))/(2/o).
2, 3, 17
Let d(m) = m**3 + 17*m**2 - 17*m + 9. Let k be d(-18). Let l be (-1 + -2)*(0 - -214). List the prime factors of l/(-27) + (-2)/k.
2, 3
Let a(i) = 543*i + 55. List the prime factors of a(1).
2, 13, 23
Let o = 5 + 1. Let l(f) be the second derivative of 2*f**3/3 - 4*f**2 + 2*f. List the prime factors of l(o).
2
Suppose -16*n = 23*n - 30459. List the prime factors of n.
11, 71
Suppose 4*w - 5*o + 10 - 40 = 0, 2*w - 4*o - 12 = 0. What are the prime factors of (4/(-5))/(w/(-525))?
2, 3, 7
Suppose -750 = i - 5*i - 2*u, 5*i = -4*u + 945. What are the prime factors of i?
5, 37
Let f be (48/(-60))/((-4)/10). Suppose -4*j = -3*s - 438, f*s + 35 = j - 77. What are the prime factors of j?
2, 3
Let q = 7846 + -4003. List the prime factors of q.
3, 7, 61
Suppose g - 2080 = -2*n, -5*g + 2*g - 4180 = -4*n. List the prime factors of n.
2, 521
Suppose 0 = 1036*x - 1031*x - 435. What are the prime factors of x?
3, 29
Suppose 56 = 4*g - 5*c + c, -g + 3*c + 12 = 0. Suppose g*z = -2*z + 4352. List the prime factors of z.
2
Suppose -3*a - 368 = -d, 0 = -0*a + a - 5*d + 132. Let s = a - -277. What are the prime factors of s?
5, 31
Let c be 4/6 + (-7)/(-3). Suppose -c*b - 145 = -d - d, 0 = -3*b + 4*d - 149. Let h = -20 - b. List the prime factors of h.
3
Suppose 4*f + 5 = -k, -2*k + 0*k - 4*f - 14 = 0. Let t = 15 + k. Suppose j - 14 - t = 0. What are the prime factors of j?
2, 5
Suppose -7*s = -4600 - 5767. List the prime factors of s.
1481
Let k(u) = 38*u - 282. Let w be k(7). Let h(m) = 4*m**2 - 4*m - 1. Let c be h(3). Let v = w + c. What are the prime factors of v?
7
Let g(c) = -18*c**3 - c**2 + 6*c + 4. List the prime factors of g(-2).
2, 3, 11
Let k(f) = 2*f**2 + 2*f + 153. What are the prime factors of k(-13)?
3, 5, 31
Let s be 110 - (6 + -4 + 1). Suppose 505 = 2*c + s. List the prime factors of c.
199
List the prime factors of (-8397)/(-15) - (-6)/30.
2, 5, 7
Let w(i) = -38*i**2 - i + 1. Let p be w(2). List the prime factors of (7/(-21))/(3/p).
17
Let u = 8 + -6. Suppose 71 = u*p - 7. List the prime factors of p.
3, 13
Let s(p) = -10 + 5*p - 3*p + 5*p. Let q be s(10). Suppose q + 40 = 2*n. List the prime factors of n.
2, 5
Let t(n) = -3 + 0*n - 10*n - 2*n. List the prime factors of t(-16).
3, 7
Suppose 0 = 2*a + 10, 2*o + 91 = 2*a + 283. Suppose -29 = -2*s + o. List the prime factors of s.
2, 3, 5
Suppose 18*u = 5073 - 69. What are the prime factors of u?
2, 139
Let v = 311 + -75. List the prime factors of v.
2, 59
Suppose -5*v + 3*l = 8 + 72, -4*v = -5*l + 77. Let z = v + 18. Suppose -90 = z*c - 10*c. List the prime factors of c.
2, 3
What are the prime factors of ((-546)/12)/(-13)*556?
2, 7, 139
Suppose 65*t - 14 = 64*t. What are the prime factors of t?
2, 7
Suppose -232*w + 231*w + 40 = 0. What are the prime factors of w?
2, 5
List the prime factors of ((-1)/(-2))/1 + (-2468)/(-8).
3, 103
Suppose -5*t + 29 = -2*k - 37, 0 = -2*k - 2*t - 52. Let r = k + 33. Suppose r*u = 1 + 14. List the prime factors of u.
3
Suppose 2376 = 10*a - 8*a. What are the prime factors of a?
2, 3, 11
Let d = 84 - 67. List the prime factors of d.
17
Let m be 13/(-5) - 6/15. Let v = m + 85. Suppose 4*t = y - 6*y + 164, -2*t = 3*y - v. List the prime factors of t.
41
Suppose y + 27 = 3*v, 3*y - 5*v + 80 = -y. Let k = y - -39. What are the prime factors of k?
2, 3
Let u(c) = -c**2 - 5*c + 5. Let j be (-6)/18 - (-17)/(-3). Let m be u(j). What are the prime factors of (3 + m)*3/2?
3
Suppose 2*f - 958 = -2*m - m, 2*f + 4*m = 954. What are the prime factors of f?
5, 97
Let f = 10 - 4. Suppose 3*d + f = -3. What are the prime factors of ((d - -2) + 11)*3?
2, 3, 5
Let a(f) = -6*f**3 + 5*f - 2. Let g(p) = -5*p**3 - p**2 + 5*p - 2. Let n(i) = -4*a(i) + 5*g(i). Let l = 5 + -11. List the prime factors of n(l).
2
Suppose -3*q = -2 + 41. Let f = 14 + q. List the prime factors of 0*f/(-3) + 29.
29
Let w = 7782 + -3968. What are the prime factors of w?
2, 1907
Suppose -f + 97 = 2*p, f = -4*p - 25 + 128. Let j = f + -145. Let b = -31 - j. List the prime factors of b.
23
Let l(t) = 31*t**2 - 22*t + 38. List the prime factors of l(-5).
13, 71
Let k(m) = m**2 + 4*m + 1. Let n be k(4). Suppose -n = r - 36. Suppose -99 = -3*q + 2*t, -4*t + r*t = 0. List the prime factors of q.
3, 11
Let r(h) = -4*h - 6. Let s be 6/9*(-13 + 1). What are the prime factors of r(s)?
2, 13
Let q(y) = 2*y**3 + 27*y**2 - 13*y - 38. Let h(j) = -j**3 - 13*j**2 + 7*j + 19. Let w(v) = -5*h(v) - 2*q(v). List the prime factors of w(-11).
2, 5
Suppose 6*b = -5*u + 3*b + 787, 3*u - 481 = -4*b. Suppose -62 = -3*q - u. List the prime factors of (-1)/(1/q) + -1.
2, 3, 5
Let a(d) be the second derivative of d**4 - 13*d**3/6 + 3*d**2 - 4*d. What are the prime factors of a(-3)?
3, 17
Let j(q) = 13*q + 17 + 10 - 18. List the prime factors of j(7).
2, 5
Suppose 1679 = 3*t + 158. List the prime factors of t.
3, 13
Suppose 4*p + y = 781, 7*p + 4*y + 368 = 9*p. What are the prime factors of p?
2, 97
Suppose k = 3*r + 1, 2*k = 2*r + 12 - 2. List the prime factors of (-4257)/(-63) - (-3)/k.
2, 17
Let c(m) = 6 + 11 + 13 - 3*m. List the prime factors of c(-14).
2, 3
Suppose 6*w + 59 = 227. Let i = w - 24. What are the prime factors of i?
2
Suppose 31 = r - 3*u - 34, -r - 3*u = -41. Suppose -14*a = -13*a - 19. Let t = r - a. What are the prime factors of t?
2, 17
Let i = -29 + 56. Suppose 4*g = 269 + i. What are the prime factors of g?
2, 37
Suppose 0 = 2*u + 5*i - 726, -4*i - 10 = -26. What are the prime factors of u?
353
Suppose -k 